mainder when 6424 is divided by 429?
418
What is the remainder when 69788 is divided by 111?
80
Calculate the remainder when 6410 is divided by 53.
50
What is the remainder when 10387 is divided by 1724?
43
What is the remainder when 3911 is divided by 302?
287
What is the remainder when 12807 is divided by 989?
939
Calculate the remainder when 6949 is divided by 1719.
73
What is the remainder when 4146854 is divided by 13?
10
Calculate the remainder when 97866 is divided by 725.
716
Calculate the remainder when 128029 is divided by 454.
1
What is the remainder when 245962 is divided by 412?
410
Calculate the remainder when 13472 is divided by 1119.
44
What is the remainder when 6512 is divided by 307?
65
Calculate the remainder when 37828 is divided by 9397.
240
What is the remainder when 1240529 is divided by 412?
409
Calculate the remainder when 5659651 is divided by 182.
179
What is the remainder when 1060244 is divided by 110?
64
What is the remainder when 6016 is divided by 85?
66
Calculate the remainder when 12060 is divided by 4011.
27
What is the remainder when 30079 is divided by 677?
291
Calculate the remainder when 37249 is divided by 67.
64
Calculate the remainder when 795 is divided by 116.
99
What is the remainder when 25313 is divided by 16?
1
What is the remainder when 28598 is divided by 715?
713
Calculate the remainder when 33179 is divided by 2.
1
What is the remainder when 7100 is divided by 788?
8
What is the remainder when 10106 is divided by 1006?
46
What is the remainder when 4798 is divided by 2090?
618
Calculate the remainder when 265479 is divided by 294.
291
What is the remainder when 51117 is divided by 31?
29
Calculate the remainder when 41292 is divided by 56.
20
Calculate the remainder when 9051 is divided by 17.
7
Calculate the remainder when 535 is divided by 394.
141
Calculate the remainder when 568307 is divided by 34.
31
Calculate the remainder when 4960 is divided by 134.
2
What is the remainder when 1132 is divided by 212?
72
What is the remainder when 67418 is divided by 67409?
9
Calculate the remainder when 2534 is divided by 269.
113
What is the remainder when 1850 is divided by 140?
30
Calculate the remainder when 1615 is divided by 883.
732
Calculate the remainder when 9844 is divided by 638.
274
What is the remainder when 4836 is divided by 22?
18
Calculate the remainder when 2291 is divided by 29.
0
Calculate the remainder when 60877 is divided by 358.
17
Calculate the remainder when 456437 is divided by 47.
20
Calculate the remainder when 289783 is divided by 52.
39
Calculate the remainder when 415 is divided by 194.
27
What is the remainder when 5322 is divided by 47?
11
Calculate the remainder when 1486331 is divided by 164.
163
Calculate the remainder when 19437 is divided by 26.
15
What is the remainder when 3536 is divided by 498?
50
What is the remainder when 86964 is divided by 86960?
4
What is the remainder when 50942 is divided by 9?
2
What is the remainder when 20336 is divided by 14?
8
Calculate the remainder when 14415 is divided by 687.
675
What is the remainder when 76139 is divided by 61?
11
Calculate the remainder when 496048 is divided by 75.
73
What is the remainder when 1475 is divided by 36?
35
Calculate the remainder when 212223 is divided by 42.
39
Calculate the remainder when 19721 is divided by 4.
1
What is the remainder when 30853 is divided by 1012?
493
What is the remainder when 260008 is divided by 86663?
19
Calculate the remainder when 2255 is divided by 572.
539
What is the remainder when 3929146 is divided by 543?
541
Calculate the remainder when 18201 is divided by 9099.
3
What is the remainder when 51924 is divided by 3706?
40
What is the remainder when 1332 is divided by 278?
220
Calculate the remainder when 89018 is divided by 29667.
17
Calculate the remainder when 328262 is divided by 54.
50
Calculate the remainder when 26924 is divided by 141.
134
What is the remainder when 13538 is divided by 24?
2
Calculate the remainder when 10660 is divided by 886.
28
Calculate the remainder when 86392 is divided by 1371.
19
What is the remainder when 178765 is divided by 505?
500
What is the remainder when 42828 is divided by 134?
82
Calculate the remainder when 1218532 is divided by 129.
127
Calculate the remainder when 844744 is divided by 1090.
1084
What is the remainder when 158348 is divided by 24?
20
What is the remainder when 7800 is divided by 3897?
6
Calculate the remainder when 37240 is divided by 556.
544
What is the remainder when 531404 is divided by 441?
440
What is the remainder when 4361 is divided by 52?
45
What is the remainder when 181667 is divided by 10?
7
Calculate the remainder when 7130 is divided by 555.
470
Calculate the remainder when 122255 is divided by 49.
0
What is the remainder when 16169 is divided by 6?
5
Calculate the remainder when 199105 is divided by 9.
7
Calculate the remainder when 23120 is divided by 3833.
122
What is the remainder when 4446 is divided by 821?
341
Calculate the remainder when 30006 is divided by 15001.
4
What is the remainder when 41396 is divided by 41343?
53
Calculate the remainder when 8153 is divided by 96.
89
Calculate the remainder when 541 is divided by 364.
177
Calculate the remainder when 159977 is divided by 10.
7
Calculate the remainder when 1155 is divided by 570.
15
Calculate the remainder when 1983 is divided by 21.
9
What is the remainder when 998 is divided by 329?
11
What is the remainder when 20507 is divided by 1205?
22
What is the remainder when 6541 is divided by 1262?
231
What is the remainder when 16278 is divided by 26?
2
What is the remainder when 368024 is divided by 5?
4
Calculate the remainder when 10516 is divided by 556.
508
Calculate the remainder when 55539 is divided by 1851.
9
What is the remainder when 21617 is divided by 230?
227
Calculate the remainder when 99186 is divided by 16530.
6
What is the remainder when 1174 is divided by 62?
58
What is the remainder when 25751 is divided by 34?
13
What is the remainder when 22164 is divided by 341?
340
What is the remainder when 3807 is divided by 10?
7
Calculate the remainder when 13512 is divided by 29.
27
Calculate the remainder when 14706 is divided by 7.
6
Calculate the remainder when 51997 is divided by 409.
54
Calculate the remainder when 82990 is divided by 312.
310
What is the remainder when 1069 is divided by 296?
181
What is the remainder when 4090 is divided by 4001?
89
What is the remainder when 25841 is divided by 186?
173
Calculate the remainder when 37710 is divided by 456.
318
Calculate the remainder when 10676 is divided by 59.
56
What is the remainder when 1277 is divided by 212?
5
Calculate the remainder when 2887 is divided by 37.
1
What is the remainder when 47409 is divided by 96?
81
What is the remainder when 256864 is divided by 278?
270
What is the remainder when 10754 is divided by 943?
381
What is the remainder when 191173 is divided by 6592?
5
What is the remainder when 5692 is divided by 489?
313
What is the remainder when 8356 is divided by 2769?
49
Calculate the remainder when 7463 is divided by 440.
423
Calculate the remainder when 1176098 is divided by 1900.
1898
Calculate the remainder when 719686 is divided by 6.
4
What is the remainder when 5871274 is divided by 124?
122
What is the remainder when 6986 is divided by 112?
42
What is the remainder when 1536 is divided by 57?
54
What is the remainder when 1484660 is divided by 251?
246
Calculate the remainder when 12734 is divided by 12729.
5
What is the remainder when 1791 is divided by 47?
5
What is the remainder when 13891 is divided by 6910?
71
Calculate the remainder when 1663 is divided by 428.
379
Calculate the remainder when 16905 is divided by 8449.
7
Calculate the remainder when 173119 is divided by 756.
751
Calculate the remainder when 22686 is divided by 104.
14
What is the remainder when 5114 is divided by 1?
0
Calculate the remainder when 1193 is divided by 391.
20
What is the remainder when 678 is divided by 194?
96
What is the remainder when 3756 is divided by 21?
18
Calculate the remainder when 12511 is divided by 223.
23
Calculate the remainder when 10370 is divided by 152.
34
Calculate the remainder when 15801 is divided by 428.